of 7872?
2, 3, 41
What are the prime factors of 6213?
3, 19, 109
List the prime factors of 42279.
3, 17, 829
List the prime factors of 18659.
47, 397
What are the prime factors of 28128?
2, 3, 293
List the prime factors of 1831.
1831
List the prime factors of 1102.
2, 19, 29
What are the prime factors of 10211?
10211
List the prime factors of 6454.
2, 7, 461
List the prime factors of 52478.
2, 19, 1381
List the prime factors of 5252.
2, 13, 101
List the prime factors of 142.
2, 71
List the prime factors of 14746.
2, 73, 101
List the prime factors of 15401.
15401
What are the prime factors of 31621?
103, 307
What are the prime factors of 13717?
11, 29, 43
List the prime factors of 1459.
1459
What are the prime factors of 2996?
2, 7, 107
List the prime factors of 40.
2, 5
List the prime factors of 47190.
2, 3, 5, 11, 13
What are the prime factors of 3835?
5, 13, 59
List the prime factors of 3276.
2, 3, 7, 13
List the prime factors of 45126.
2, 3, 23, 109
List the prime factors of 106231.
41, 2591
List the prime factors of 1717.
17, 101
List the prime factors of 5187.
3, 7, 13, 19
List the prime factors of 4269.
3, 1423
List the prime factors of 129099.
3, 23, 1871
What are the prime factors of 62946?
2, 3, 13, 269
List the prime factors of 8321.
53, 157
What are the prime factors of 2714?
2, 23, 59
What are the prime factors of 844?
2, 211
List the prime factors of 2082.
2, 3, 347
List the prime factors of 1132.
2, 283
List the prime factors of 32550.
2, 3, 5, 7, 31
What are the prime factors of 1115?
5, 223
List the prime factors of 1451.
1451
List the prime factors of 7070.
2, 5, 7, 101
List the prime factors of 26181.
3, 2909
List the prime factors of 39796.
2, 9949
List the prime factors of 15799.
7, 37, 61
What are the prime factors of 18557?
7, 11, 241
List the prime factors of 74223.
3, 2749
List the prime factors of 354.
2, 3, 59
What are the prime factors of 1167?
3, 389
What are the prime factors of 9687?
3, 3229
What are the prime factors of 66006?
2, 3, 19, 193
List the prime factors of 3875.
5, 31
What are the prime factors of 2720?
2, 5, 17
What are the prime factors of 448?
2, 7
List the prime factors of 41269.
41269
List the prime factors of 9684.
2, 3, 269
List the prime factors of 8106.
2, 3, 7, 193
What are the prime factors of 21260?
2, 5, 1063
What are the prime factors of 20758?
2, 97, 107
List the prime factors of 3578.
2, 1789
What are the prime factors of 77898?
2, 3, 12983
What are the prime factors of 8626?
2, 19, 227
List the prime factors of 9913.
23, 431
What are the prime factors of 23977?
23977
What are the prime factors of 2070?
2, 3, 5, 23
What are the prime factors of 27529?
27529
List the prime factors of 7774.
2, 13, 23
What are the prime factors of 884?
2, 13, 17
List the prime factors of 12297.
3, 4099
List the prime factors of 13158.
2, 3, 17, 43
List the prime factors of 789.
3, 263
List the prime factors of 39376.
2, 23, 107
What are the prime factors of 9036?
2, 3, 251
List the prime factors of 603.
3, 67
What are the prime factors of 1754?
2, 877
What are the prime factors of 15623?
17, 919
What are the prime factors of 35058?
2, 3, 5843
What are the prime factors of 31832?
2, 23, 173
List the prime factors of 862.
2, 431
What are the prime factors of 2202?
2, 3, 367
What are the prime factors of 1103?
1103
What are the prime factors of 9998?
2, 4999
What are the prime factors of 17373?
3, 5791
What are the prime factors of 830?
2, 5, 83
List the prime factors of 939.
3, 313
List the prime factors of 6334.
2, 3167
What are the prime factors of 24?
2, 3
List the prime factors of 27130.
2, 5, 2713
What are the prime factors of 19765?
5, 59, 67
What are the prime factors of 8488?
2, 1061
What are the prime factors of 121160?
2, 5, 13, 233
List the prime factors of 1286.
2, 643
What are the prime factors of 64400?
2, 5, 7, 23
What are the prime factors of 3083?
3083
What are the prime factors of 32480?
2, 5, 7, 29
What are the prime factors of 67?
67
What are the prime factors of 29680?
2, 5, 7, 53
What are the prime factors of 1012?
2, 11, 23
List the prime factors of 1606.
2, 11, 73
List the prime factors of 5674.
2, 2837
What are the prime factors of 18550?
2, 5, 7, 53
List the prime factors of 18447.
3, 11, 13, 43
List the prime factors of 4682.
2, 2341
What are the prime factors of 1210?
2, 5, 11
What are the prime factors of 34437?
3, 13, 883
What are the prime factors of 2104?
2, 263
What are the prime factors of 5203?
11, 43
What are the prime factors of 81486?
2, 3, 503
What are the prime factors of 1238?
2, 619
What are the prime factors of 7924?
2, 7, 283
What are the prime factors of 103911?
3, 19, 1823
What are the prime factors of 20634?
2, 3, 19, 181
What are the prime factors of 15263?
15263
What are the prime factors of 20953?
23, 911
What are the prime factors of 53131?
13, 61, 67
What are the prime factors of 19?
19
List the prime factors of 50350.
2, 5, 19, 53
List the prime factors of 1591.
37, 43
What are the prime factors of 328?
2, 41
List the prime factors of 2035.
5, 11, 37
What are the prime factors of 31273?
11, 2843
List the prime factors of 7218.
2, 3, 401
List the prime factors of 53.
53
What are the prime factors of 70444?
2, 11, 1601
What are the prime factors of 12006?
2, 3, 23, 29
List the prime factors of 79814.
2, 7, 5701
What are the prime factors of 1054?
2, 17, 31
List the prime factors of 18784.
2, 587
List the prime factors of 109411.
23, 67, 71
List the prime factors of 1798.
2, 29, 31
What are the prime factors of 3789?
3, 421
What are the prime factors of 52056?
2, 3, 241
List the prime factors of 2646.
2, 3, 7
What are the prime factors of 1161?
3, 43
What are the prime factors of 561?
3, 11, 17
List the prime factors of 7355.
5, 1471
What are the prime factors of 25439?
25439
What are the prime factors of 1887?
3, 17, 37
List the prime factors of 397.
397
List the prime factors of 3198.
2, 3, 13, 41
List the prime factors of 5281.
5281
List the prime factors of 1212.
2, 3, 101
List the prime factors of 313.
313
List the prime factors of 5172.
2, 3, 431
List the prime factors of 10866.
2, 3, 1811
List the prime factors of 533.
13, 41
List the prime factors of 13292.
2, 3323
List the prime factors of 5256.
2, 3, 73
What are the prime factors of 172?
2, 43
List the prime factors of 52208.
2, 13, 251
What are the prime factors of 5976?
2, 3, 83
What are the prime factors of 1070?
2, 5, 107
List the prime factors of 60.
2, 3, 5
What are the prime factors of 8825?
5, 353
What are the prime factors of 23952?
2, 3, 499
What are the prime factors of 85106?
2, 7, 6079
What are the prime factors of 9184?
2, 7, 41
List the prime factors of 8396.
2, 2099
What are the prime factors of 671?
11, 61
List the prime factors of 1363.
29, 47
What are the prime factors of 6277?
6277
What are the prime factors of 5923?
5923
List the prime factors of 3224.
2, 13, 31
List the prime factors of 2550.
2, 3, 5, 17
List the prime factors of 1276.
2, 11, 29
List the prime factors of 1573.
11, 13
List the prime factors of 3373.
3373
List the prime factors of 37867.
19, 1993
What are the prime factors of 215?
5, 43
What are the prime factors of 27882?
2, 3, 1549
What are the prime factors of 31167?
3, 3463
What are the prime factors of 3228?
2, 3, 269
What are the prime factors of 36536?
2, 4567
List the prime factors of 15307.
15307
List the prime factors of 27622.
2, 7, 1973
List the prime factors of 427.
7, 61
List the prime factors of 103262.
2, 51631
List the prime factors of 13796.
2, 3449
List the prime factors of 1091.
1091
List the prime factors of 1028.
2, 257
What are the prime factors of 1141?
7, 163
List the prime factors of 3388.
2, 7, 11
List the prime factors of 1313.
13, 101
List the prime factors of 1580.
2, 5, 79
What are the prime factors of 2006?
2, 17, 59
What are the prime factors of 97368?
2, 3, 4057
List the prime factors of 1376.
2, 43
What are the prime factors of 50?
2, 5
List the prime factors of 8191.
8191
List the prime factors of 15613.
13, 1201
What are the prime factors of 48652?
2, 12163
What are the prime factors of 9148?
2, 2287
What are the prime factors of 9896?
2, 1237
What are the prime factors of 21775?
5, 13, 67
List the prime factors of 39096.
